3 - 17 - (15 + 9)).
41
What is -2 + 14 + -3 + -19 - 20?
-30
Evaluate (302 - 322) + -17 + -2 + 7.
-32
What is 8 + -7 - ((-98 - -35) + 84)?
-20
What is the value of 4 - -15 - (-512 + 573)?
-42
Calculate (14 - -2) + 5 - -6 - 15.
12
Calculate 73 - ((-632 - -624) + 2 + 10 + -3).
72
What is the value of -47 + (-14 - -23 - (5 + 19)) + -13 - -1?
-74
-8 + ((-12 - -3) + 39 + -23 - 6) - 39
-46
Evaluate 1 + -11 + (12 + -58 - -62).
6
21 - (0 + 44 - (-642 + 642))
-23
Evaluate -10 - (4 - 5 - (-17 + 17 + -5)).
-14
Calculate 4 - 2 - (99 - (-9 + 17 + -6 + -19)).
-114
93 + -8 - (-554 + 583)
56
Calculate (23 - 15 - -13) + -42 + -18.
-39
What is the value of (0 + -102 - (-582 - -620)) + 41?
-99
-61 + -18 + (4 + 12 - -6)
-57
Evaluate 12 - 15 - ((6 + 4 - 15) + 3 + 88).
-89
Calculate (-79 - (-3 - -2)) + (-55 - -86 - 13).
-60
What is 67 - 67 - (-42 - -78)?
-36
Evaluate 1 - 8 - 0 - ((-53 - -8) + (-5 - -1)).
42
What is ((71 - -1) + -13 - 2) + (-2 - (11 - 2))?
46
Evaluate (-11 - -77) + -542 + 497.
21
What is (-1 + -3 - (6 - 15)) + (95 - 52)?
48
What is the value of 114 + (7 - -6 - 40) - 17?
70
(-15 - -59 - (-22 - -197)) + 29
-102
Calculate 1133 + -1122 + (-4 - -1) + -17.
-9
Evaluate -1 + (-3 + 4 - -16) + -11 + 37.
42
What is the value of 2 + 1 + 16 + -62 - (15 - -5)?
-63
What is the value of (-132 - (-8 - 54)) + (3 - (9 - 3))?
-73
What is the value of 1096 + -1099 + 1 + -31?
-33
-4 + -1 + (2 - 3 - -9) + (48 - 3)
48
What is 9 + -14 + -47 - -52?
0
What is 13 + (11 - 19 - 38) + 3 + -7 + -5?
-42
What is the value of (107 - 28) + -136 + -41?
-98
-7 - 26 - (42 + -9 + -59) - (0 - -30)
-37
What is 1 + -105 + 33 + -8 + (-1 - 38) + 23?
-95
What is the value of -36 - (36 + -64 + 34)?
-42
Calculate -7 + -3 + (-10 - -14) + 80 + (-10 - -14).
78
-51 - (-22 - (-11 + 4))
-36
(-111 - -28) + 34 + (0 - -2 - -5)
-42
Evaluate 1 + 20 - (-593 - -664) - -28.
-22
Evaluate (27 - (30 - (7 + 28 + -17))) + -89.
-74
What is the value of (16 + -20 - -40) + (122 - 99)?
59
Evaluate 0 + 16 + -12 + (-33 - -10) + -10.
-29
-1 + 26 + (-1871 - -1879)
33
Calculate (-32 - -31 - -14) + 77 + -12.
78
Calculate 48 - 26 - (37 - 0) - 16.
-31
-142 - (135 + -204 - -61)
-134
(1 - -1 - 9) + (-104 - -405) + -392
-98
What is the value of 0 + -11 + (10 - (7 - (51 + -97)))?
-54
What is the value of 5 - (15 - (-1 - (6 - 9))) - (-2 + -70)?
64
What is the value of -78 - (32 + -34 + -15) - -8?
-53
What is the value of -6 + (-2 + -23 + 18 - -75)?
62
What is the value of 99 + -10 + 19 + -10 + 4 + 3?
105
61 + (-10 - (25 - 4)) - 93
-63
Calculate 2 - (-7 + -104) - 34.
79
-50 + -26 + -7 + 30
-53
(-1 + -4 - 1) + 5 + -8 + -19 + 49
21
Evaluate 5 - (91 - (9 - -37)).
-40
Evaluate -310 + 327 + -6 + (-8 - -7) + 7.
17
Calculate (-41 - ((-1 - -4) + (-14 - 1))) + (8 - -2).
-19
Evaluate -3 + 6 + 6 + (-9 - -43 - (27 + -4)).
20
Calculate -2 - 75 - -1 - (-9 - (3 - 8) - 7).
-65
22 - ((-1 - 0) + -16 + -7)
46
Calculate (6 - 5) + -41 - (-1762 - -1779).
-57
What is the value of (-1 - (-5 - -5)) + -16 + -9?
-26
Evaluate (-1 - 3) + (8 - -20) + (18 - (-18 - -36)).
24
Evaluate -10 + (12 - (7 - 0)) + -6 + 229 + -347.
-129
What is the value of -4 - (27 + (-46 - -2))?
13
Calculate (-10 - 1) + 40 + 7 + -7 + 9.
38
Calculate (29 - (2 + 12)) + 58 + 8.
81
-6 + (-2 - 5 - -3) + (-594 - -493) - 2
-113
Calculate -7 + 22 + (0 - (14 - -23)) + -95.
-117
What is -13 + -10 + 20 + -4 + -4 - (11 + 2)?
-24
Calculate 0 + 4 - (-525 - -538).
-9
What is -19 - -11 - (-52 + (-11 + -7 - -10))?
52
Evaluate (23 - ((-7 - -8) + 1)) + (-17 - 19).
-15
(1 - -8) + (-11 + (13 - -7) - 11) + -26
-19
(-8 - -6) + 13 + -640 + 599
-30
What is -7 + 22 + -28 + 18 - (-1 - -21)?
-15
What is the value of -2207 + 2098 - (-66 - 0)?
-43
What is the value of -6 - (-8 - -1 - (-624 - -593))?
-30
Calculate (23 - 25) + 1 + 20 + 7 + (-12 - -1).
15
Calculate (-369 - -327) + 21 + -2 - (19 + 0).
-42
What is the value of 38 - (-10 + -6 + 14 - -10)?
30
What is (2 + 0 - 3) + -12902 + 12802?
-101
Calculate -3 + -15 - (13 + (-20 - -6)).
-17
-35 - (-56 - -61) - -123
83
Evaluate (-1 - -10) + 0 - (-58 + (31 - -36)).
0
What is the value of (-135 - -110) + 0 + 5 + (1 - -1) - 9?
-27
Evaluate 42 - ((-12 - -5) + -7 + 4 - -14).
38
What is the value of (12 - 5) + -8 - (-27 + 12 + 94 + -2)?
-78
Evaluate 0 + (1 - 60) + (-90 - -109).
-40
(-1 - -7) + 3 + (1 - 2) - (-341 - -426)
-77
What is the value of 4 - (11 + -1 + 5) - (0 + 17 + -36)?
8
Calculate 52 + -79 - (19 - 34 - -16).
-28
Evaluate 65 + -133 + 47 - (2 + -9).
-14
What is (-16 + -2 + 1 - 20 - (-3 - -5)) + 7?
-32
Calculate -11 + 7 + 3 + 6 + 4 + -10 - 14.
-15
-3 - (38 + -85 + 52 - (1 + (-1 - -35)))
27
Evaluate 51 + (66 - 34) + -30.
53
Evaluate 29 - (14 - (25 - -6 - 8)).
38
-18 + (-9 - -27) + -13 + (-4 - 7)
-24
What is -50 - (-213 + 175 + (0 - -13))?
-25
(2 - 1 - (6 - -107)) + (-75 - -12 - -60)
-115
Evaluate (-1 + 30 - (-212 - -207)) + 15.
49
90 + (-21 + 30 + -25 - (-3 - -1))
76
-8 - (-94 + (0 - 1) + (-20 - (-41 + 12)))
78
What is the value of (-41 + 0 + 34 - -17) + (-55 - -1)?
-44
What is 6 + 5 + -67 + 77 + (-2 - (-2 - -1))?
20
What is 2 + (15 - 3) + (-72 - -61) + 43?
46
Calculate (2 - 16) + 612 + -593 - (-2 - -2 - -10).
-5
11 - (0 + 1) - (67 - (-98 - -21 - -68))
-66
What is -9 + (18 - (-23 + 2) - 17)?
13
Evaluate 34 + 6 + ((-5 - -10) + -2 - -1).
44
What is 0 + -13 + -16827 + 16920?
80
Evaluate -40 + 26 - ((-4 - 8) + 2 - 34).
30
Calculate -23 - (-3 + -27 + 28 + 3 - (0 - 0)).
-24
Calculate 20 - -89 - 128 - 40.
-59
Evaluate -3 - 100 - ((-83 - -7) + 47).
-74
What is -4 + (386 - 390) + 1 + -18?
-25
What is -20 - (35 + 21 + -12) - -21?
-43
(1376 - 1370) + (3 - 25) + 1
-15
Calculate 20 - 6 - (96 + 7 + (-12 - 5)).
-72
-8 + 1 + (-29 + 1 - -27)
-8
Evaluate 35 + (-48 - (-48 + 14)).
21
Evaluate (20 - -19) + -10 - 37.
-8
Evaluate 64 - ((-12 - (24 - (7 - -7))) + 22).
64
Calculate (11 - (5 + 4 - -12)) + -43.
-53
(-43 - ((-45 - -69) + -48)) + -5 + 1
-23
What is -1 + 24 + -31 + -47 + 42?
-13
What is the value of -23 + -4 + 123 + (-15 - -6) + -20?
67
What is -94 + 34 + 110 + -39?
11
What is the value of 3 - (9 + (24 - 7))?
-23
Evaluate (-1164 - -1198) + (1 - 10) + -15 + -2.
8
Calculate 8 - (-36 - -1 - (-337 - -313)) - 5.
14
What is the value of 49 + 0 + 4 - (-1 - -22)?
32
Evaluate 4 + (1 - 2 - 49 - 17) + -6.
-69
8 + -2 + 7 - ((7 - 23) + -15)
44
Calculate (3 + 3 - 94) + (40 - (36 + -2)).
-82
What is the value of 39 + -104 - (3 - 1) - (-139 - -120)?
-48
What is the value of 106 + (70 - 118) + -62?
-4
What is 5093 + -5150 - (-16 - -2)?
-43
(11 - (2 + 4) - 3) + -6 - -2 - -3
1
Evaluate -59 - (20 + (-135 - 6)).
62
Calculate 0 - 38 - (-118 + -61 - -168).
-27
What is 4 + -1 - 20 - (-1276 - -1265) - (-1 - -6)?
-11
What is the value of (7 - 0) + -61 + 77 + 19?
42
What is -18 + 25 + 1 + 23 + -6?
25
What is 29 - 44 - 32 - 3?
-50
What is 9 - (119 + (-3 - (22 + -17))) - (2 - -7)?
-111
Evaluate -22 - (-9 - (-15 + (41 - (9 + 7)))).
-3
Evaluate -141 + (-2 - -53) + 945 + -965.
-110
Evaluate (-48 - -47) + 4 + 1 + (33 + -24 - 92).
-79
What is -4 + (54 - (50 - 65))?
65
Evaluate (31 - -2) + 634 + -627.
40
Calculate -19 + -15 + (622 - 615) + 1 + -13.
-39
-152 - (-23 + -8 + -50)
-71
What is -34 - -29 - -18 - (-2 - -25) - 22?
-32
Evaluate -1 + -3 - (-36 + -20 + (1 - (10 + -21))).
40
What is the value of 16 - -71 - (10 + -8 + 15 + -17)?
87
Evaluate -26 + (1 - 3) - (-1 - (-32 + 15)).
-44
Calculate -8 + 7 + -8 + 7 + -32 + 129.
95
Evaluate -15 + (31 - (4 - 4)) + (19 - 23).
12
-2 + 4 - 38 - (-18 - -47 - 29)
-36
What is the value of 1 + 3 - (113 + 64 + -203 + 0 + -78)?
108
Evaluate -6 - (19 + -55 + 10).
20
What is the value of 11 + (-11 - (-3 + -13) - 7) - 0?
9
What is 12 - (-40 - -63) - (-18 + 5)?
2
What is the value of 0 + (4 - (1 + -1 + -2)) - (17 - -31)?
-42
(2 - 2) + -14 + (46 - 28)
4
Calculate -3 - 0 - (-105 + 71 + (-6 - -37)) - 103.
-103
What is (10 - 1) + 3 - (179 - 165)?
-2
What is 63 - 178 - -182 - 116?
-49
What is the value of 6 + -7 + 1 - (-41 - (21 - 51))?
11
What is the value of -4 + -8 + 5 + -82 + 80 + 12 + -89?
-86
What is the value of (1 - (-1 - 11)) + -24 + (5 - (-9 - -8))?
-5
Calculate (125 - 35) + 3 + (-3 - (11 - 20)).
99
What is (54 - 9) + 15 + -5?
55
Calculate 2 + ((9 - -1) + -10 - -52).
54
Evaluate -111 + 2 - -1 - (-74 + 40 + (-51 - -81)).
-104
What is the value of 2 - (32 + -56 + 28 + 1 + (-1 - 67))